n base 7?
3434
Convert 223111 (base 4) to base 9.
3721
-41708 (base 10) to base 11
-29377
Convert -5504 (base 6) to base 7.
-3454
What is 27332 (base 8) in base 6?
131310
What is 87d (base 16) in base 11?
16a6
-2011 (base 6) to base 5
-3224
Convert 4033 (base 9) to base 13.
1458
Convert 11110202 (base 3) to base 12.
1a78
What is -661 (base 7) in base 5?
-2322
What is -111 (base 16) in base 5?
-2043
286 (base 13) to base 15
1ed
What is -711 (base 11) in base 5?
-11414
What is -68d (base 14) in base 2?
-10100010101
10101 (base 3) to base 12
77
What is 1213 (base 7) in base 6?
2031
Convert -102 (base 12) to base 3.
-12102
10a7 (base 11) to base 9
1878
-12042 (base 6) to base 13
-a4c
Convert 2730 (base 9) to base 10.
2052
What is 4452 (base 7) in base 13?
966
Convert -35227 (base 8) to base 9.
-22515
Convert 41761 (base 8) to base 7.
101465
What is -16814 (base 11) in base 9?
-35343
Convert 28191 (base 12) to base 11.
3880a
What is 71d6 (base 14) in base 10?
19592
-100201102 (base 3) to base 12
-4125
What is -2201202 (base 3) in base 11?
-1550
Convert -2154 (base 6) to base 11.
-417
Convert -23200 (base 4) to base 13.
-448
Convert 101313 (base 4) to base 6.
5143
Convert -2 (base 14) to base 6.
-2
-101111000101011 (base 2) to base 10
-24107
Convert -20250 (base 8) to base 13.
-3a61
111011100010010 (base 2) to base 5
1433412
Convert -124423 (base 5) to base 16.
-137c
Convert 184 (base 9) to base 6.
421
What is 323 (base 9) in base 8?
410
What is 440 (base 15) in base 12?
680
14241 (base 11) to base 8
47434
Convert -149 (base 14) to base 7.
-522
Convert -27b (base 13) to base 3.
-121022
-11502 (base 6) to base 8
-3236
What is 11121121 (base 3) in base 7?
12544
What is -397 (base 10) in base 4?
-12031
What is -12328 (base 10) in base 4?
-3000220
What is -5164 (base 8) in base 3?
-10200010
Convert 223 (base 7) to base 11.
a5
What is -14627 (base 8) in base 16?
-1997
Convert -111001010 (base 2) to base 10.
-458
1001101111011 (base 2) to base 6
35031
Convert 101101201 (base 3) to base 6.
55031
Convert -2441 (base 5) to base 16.
-173
Convert -10a9 (base 13) to base 10.
-2336
What is 1240 (base 8) in base 14?
360
Convert -110000111101100 (base 2) to base 14.
-91c8
What is -21443 (base 5) in base 9?
-2044
5b90 (base 12) to base 16
285c
-10111000001111 (base 2) to base 10
-11791
2023 (base 5) to base 15
128
851 (base 11) to base 7
2662
What is 11620 (base 7) in base 14?
1180
What is 122022 (base 3) in base 4?
13103
Convert -8456 (base 9) to base 16.
-183f
What is -206 (base 8) in base 12?
-b2
What is -1100000 (base 5) in base 3?
-221201110
What is 2b77 (base 13) in base 2?
1100011001111
Convert 184 (base 13) to base 16.
115
What is -1232 (base 4) in base 14?
-7c
Convert 48a (base 16) to base 10.
1162
11b8 (base 13) to base 6
15353
What is -1834 (base 10) in base 2?
-11100101010
-21001 (base 4) to base 11
-485
Convert -37142 (base 8) to base 13.
-7366
What is 14604 (base 7) in base 2?
111111100111
Convert 829 (base 13) to base 8.
2553
-10122220 (base 3) to base 6
-20210
Convert -11112 (base 3) to base 4.
-1322
What is -bb4 (base 12) in base 2?
-11010111000
Convert 8000 (base 10) to base 15.
2585
What is -464 (base 12) in base 13?
-3b2
What is -222 (base 11) in base 14?
-150
Convert 21 (base 12) to base 5.
100
124350 (base 6) to base 3
120121010
Convert -636 (base 7) to base 9.
-386
What is 1768 (base 10) in base 15?
7cd
Convert -1041245 (base 6) to base 9.
-78482
465 (base 10) to base 16
1d1
Convert 20122 (base 6) to base 8.
5122
-5221 (base 7) to base 2
-11100100100
10212 (base 4) to base 9
356
201100200 (base 3) to base 10
14112
What is -884f (base 16) in base 13?
-12b63
12665 (base 7) to base 4
311210
What is -150 (base 13) in base 9?
-280
Convert -91 (base 11) to base 9.
-121
Convert -313 (base 14) to base 9.
-742
What is 73 (base 16) in base 10?
115
What is -1041201 (base 5) in base 15?
-5651
What is 141a (base 11) in base 13?
ab3
-b9a0 (base 15) to base 5
-2224200
-d8d (base 16) to base 8
-6615
1090b (base 13) to base 15
8db3
What is -530 (base 13) in base 2?
-1101110100
What is 1ec (base 15) in base 6?
2023
Convert -21000 (base 4) to base 7.
-1452
Convert -1140 (base 6) to base 7.
-543
-111101 (base 2) to base 6
-141
-123012 (base 5) to base 4
-1022111
2210 (base 5) to base 12
215
Convert 3c2 (base 14) to base 5.
11013
What is -12112 (base 3) in base 5?
-1044
-1112 (base 5) to base 15
-a7
Convert -24030 (base 5) to base 9.
-2371
Convert -112274 (base 8) to base 2.
-1001010010111100
Convert 1929 (base 10) to base 16.
789
What is -11021 (base 5) in base 8?
-1371
194a (base 15) to base 11
4123
Convert -1760 (base 10) to base 7.
-5063
Convert 20110201 (base 3) to base 2.
1001001101101
What is 737 (base 11) in base 12?
61b
Convert 482 (base 16) to base 9.
1522
14544 (base 6) to base 14
c12
What is 46 (base 12) in base 13?
42
Convert -a64 (base 15) to base 10.
-2344
Convert -3385 (base 10) to base 9.
-4571
Convert 6351 (base 7) to base 12.
1369
Convert -2102002122 (base 3) to base 15.
-e0db
Convert -100001101 (base 2) to base 5.
-2034
What is -ba9c (base 14) in base 5?
-2013112
Convert -71 (base 16) to base 10.
-113
1046 (base 7) to base 12
275
18039 (base 10) to base 6
215303
What is 45111 (base 6) in base 9?
8577
What is -28c3 (base 14) in base 8?
-16073
What is -20152 (base 7) in base 14?
-1ad2
-20616 (base 7) to base 6
-35353
What is 110001 (base 4) in base 8?
2401
-2bdb (base 16) to base 13
-5158
Convert 1406 (base 12) to base 14.
bb0
Convert 6469 (base 15) to base 7.
115644
Convert 200 (base 12) to base 16.
120
What is 7977 (base 10) in base 15?
256c
What is 23301 (base 4) in base 15?
353
Convert -535 (base 9) to base 3.
-121012
What is 33125 (base 6) in base 14?
195b
1d5d (base 14) to base 3
21101002
-921 (base 16) to base 14
-bcd
112020012 (base 3) to base 16
2885
Convert 211002012 (base 3) to base 15.
4b82
Convert 111000000111 (base 2) to base 16.
e07
Convert 6758 (base 10) to base 13.
30cb
Convert -33c1 (base 16) to base 13.
-6052
Convert ab (base 14) to base 7.
304
15027 (base 15) to base 5
4130122
Convert 2652 (base 8) to base 10.
1450
1310132 (base 4) to base 8
16436
Convert 514 (base 13) to base 2.
1101011110
What is 20721 (base 8) in base 12?
5015
Convert 2347 (base 13) to base 11.
37aa
What is 120266 (base 7) in base 15?
66a5
What is 9047 (base 11) in base 13?
5625
21c4 (base 13) to base 6
33511
What is -3469 (base 14) in base 10?
-9109
233220 (base 5) to base 4
2011300
What is -274 (base 9) in base 13?
-148
Convert -784 (base 11) to base 10.
-939
Convert -10110010110 (base 2) to base 4.
-112112
-555201 (base 6) to base 10
-46513
4da (base 15) to base 16
451
Convert 433 (base 8) to base 6.
1151
Convert -447 (base 11) to base 16.
-217
Convert 101030 (base 4) to base 2.
10001001100
What is 307 (base 8) in base 9?
241
-1a79 (base 12) to base 10
-3261
Convert -a0 (base 11) to base 13.
-86
-72c (base 13) to base 6
-5353
Convert 4030 (base 5) to base 12.
36b
-1200 (base 3) to base 16
-2d
What is 6110 (base 10) in base 13?
2a20
Convert -2331330 (base 5) to base 13.
-1659a
-11101100001100 (base 2) to base 4
-3230030
What is 3313 (base 8) in base 12?
100b
2020110 (base 3) to base 9
2213
Convert -10001111111100 (base 2) to base 16.
-23fc
What is eee (base 16) in base 13?
1980
What is 29772 (base 10) in base 14?
abc8
Convert 1588 (base 9) to base 4.
102332
1045 (base 8) to base 5
4144
10532 (base 6) to base 7
4235
Convert 169 (base 12) to base 10.
225
What is 232220 (base 5) in base 2?
10000011110011
What is -210021022 (base 3) in base 14?
-5918
What is 32263 (base 7) in base 3?
102000111
-206d (base 15) to base 5
-204403
What is -2102 (base 4) in base 7?
-266
-14244 (base 7) to base 3
-12100120
-1148 (base 12) to base 11
-14a3
Convert -321205 (base 6) to base 13.
-bc15
10210130 (base 4) to base 10
18716
Convert -1dd (base 16) to base 6.
-2113
-514e (base 15) to base 7
-101033
What is -320 (base 4) in base 16?
-38
Convert 233 (base 11) to base 15.
138
6163 (base 7) to base 8
4150
-30036 (base 7) to base 3
-100220210
What is -11300121 (base 4) in base 7?
-125511
-11021230 (base 4) to base 15
-63ba
What is -503 (base 9) in base 2?
-110011000
What is -1a933 (base 12) in base 14?
-104ab
Convert 565 (base 9) to base 10.
464
Convert a1 (base 13) to base 